99?
47
What is the remainder when 4242601 is divided by 257?
45
Calculate the remainder when 206300 is divided by 7362.
164
What is the remainder when 593370747 is divided by 538938?
9
Calculate the remainder when 14949118 is divided by 272.
270
What is the remainder when 5269576 is divided by 1756520?
16
Calculate the remainder when 4219224 is divided by 79.
71
Calculate the remainder when 5954365 is divided by 274.
71
Calculate the remainder when 510236 is divided by 379.
102
Calculate the remainder when 366124 is divided by 2002.
1760
Calculate the remainder when 6226547 is divided by 103.
94
Calculate the remainder when 1268339 is divided by 154.
149
Calculate the remainder when 1681160 is divided by 603.
599
Calculate the remainder when 54948 is divided by 1885.
283
What is the remainder when 3273109 is divided by 8660?
8289
Calculate the remainder when 911163 is divided by 1049.
631
What is the remainder when 11975 is divided by 5935?
105
Calculate the remainder when 743200 is divided by 144.
16
What is the remainder when 1099060 is divided by 219808?
20
Calculate the remainder when 828854 is divided by 2296.
2294
What is the remainder when 16564679 is divided by 165?
164
What is the remainder when 96820819 is divided by 51?
22
What is the remainder when 13040953 is divided by 765?
763
What is the remainder when 7160954 is divided by 134?
128
What is the remainder when 1826564 is divided by 347?
303
What is the remainder when 46631575 is divided by 295?
40
Calculate the remainder when 937655432 is divided by 13.
12
What is the remainder when 69303141 is divided by 47?
43
Calculate the remainder when 1188871 is divided by 18.
7
What is the remainder when 18069287 is divided by 151?
23
What is the remainder when 4349176 is divided by 71297?
59
Calculate the remainder when 233659 is divided by 6490.
19
What is the remainder when 1769313 is divided by 38463?
15
What is the remainder when 443338 is divided by 34091?
155
Calculate the remainder when 143623 is divided by 584.
543
What is the remainder when 36759342 is divided by 626?
622
Calculate the remainder when 670655 is divided by 69.
44
Calculate the remainder when 246079 is divided by 27.
1
Calculate the remainder when 698758 is divided by 49890.
298
Calculate the remainder when 111531 is divided by 22212.
471
What is the remainder when 3158123 is divided by 38?
19
Calculate the remainder when 7675752 is divided by 94.
88
What is the remainder when 37865908 is divided by 2273?
1
Calculate the remainder when 135534 is divided by 131020.
4514
What is the remainder when 138309 is divided by 304?
293
Calculate the remainder when 940973 is divided by 690.
503
What is the remainder when 2137797 is divided by 25149?
132
Calculate the remainder when 463789 is divided by 2917.
2903
What is the remainder when 115943 is divided by 8907?
152
Calculate the remainder when 78874 is divided by 78842.
32
Calculate the remainder when 79030 is divided by 26339.
13
Calculate the remainder when 72403 is divided by 905.
3
Calculate the remainder when 19540 is divided by 18.
10
Calculate the remainder when 8254576 is divided by 1375757.
34
What is the remainder when 1163990 is divided by 817?
582
What is the remainder when 44328634 is divided by 632?
154
What is the remainder when 43693 is divided by 1226?
783
Calculate the remainder when 225504 is divided by 20488.
136
What is the remainder when 378442 is divided by 388?
142
What is the remainder when 254739 is divided by 1031?
82
Calculate the remainder when 168044747 is divided by 251.
247
What is the remainder when 4259148 is divided by 1396?
1348
Calculate the remainder when 1655817 is divided by 8624.
9
Calculate the remainder when 56246600 is divided by 2389.
2373
Calculate the remainder when 736774 is divided by 45.
34
Calculate the remainder when 595379 is divided by 15266.
5
Calculate the remainder when 9417228 is divided by 4708597.
34
What is the remainder when 96372 is divided by 47723?
926
What is the remainder when 2093612 is divided by 28291?
78
What is the remainder when 20851 is divided by 20598?
253
What is the remainder when 3463908 is divided by 622?
612
What is the remainder when 3626148 is divided by 57?
36
What is the remainder when 989710 is divided by 168?
22
What is the remainder when 32470224 is divided by 376?
368
Calculate the remainder when 23883 is divided by 11754.
375
What is the remainder when 29257064 is divided by 51?
47
Calculate the remainder when 8737527 is divided by 74679.
84
Calculate the remainder when 1646003 is divided by 822686.
631
Calculate the remainder when 19467 is divided by 9406.
655
Calculate the remainder when 15338651 is divided by 102.
95
What is the remainder when 259873 is divided by 128826?
2221
Calculate the remainder when 505482 is divided by 526.
522
What is the remainder when 484904 is divided by 183?
137
What is the remainder when 600817146 is divided by 5071?
5066
What is the remainder when 112163 is divided by 1014?
623
What is the remainder when 6048701 is divided by 9407?
0
Calculate the remainder when 5356240 is divided by 95647.
8
Calculate the remainder when 11731101 is divided by 24.
21
Calculate the remainder when 998504 is divided by 35660.
24
Calculate the remainder when 4487944 is divided by 47.
8
What is the remainder when 114255749 is divided by 245?
244
Calculate the remainder when 47734221 is divided by 978.
975
Calculate the remainder when 7881117 is divided by 32.
29
Calculate the remainder when 1258546 is divided by 25.
21
What is the remainder when 314628 is divided by 20?
8
What is the remainder when 64148 is divided by 88?
84
What is the remainder when 220466803 is divided by 631710?
13
What is the remainder when 8658881 is divided by 7697?
7453
Calculate the remainder when 251164 is divided by 50228.
24
What is the remainder when 3707802 is divided by 4?
2
Calculate the remainder when 6043288 is divided by 4978.
4974
What is the remainder when 2207392 is divided by 93?
37
What is the remainder when 15254245 is divided by 37?
33
What is the remainder when 75968399 is divided by 885?
884
Calculate the remainder when 1179754476 is divided by 98.
96
What is the remainder when 41657599 is divided by 17810?
9
What is the remainder when 754040037 is divided by 534?
531
What is the remainder when 19739 is divided by 17570?
2169
What is the remainder when 69800168 is divided by 1081?
1079
What is the remainder when 737815 is divided by 20?
15
Calculate the remainder when 46228 is divided by 1210.
248
What is the remainder when 84514 is divided by 47?
8
Calculate the remainder when 84155172 is divided by 154697.
4
Calculate the remainder when 77720 is divided by 4852.
88
What is the remainder when 79528957 is divided by 34?
33
Calculate the remainder when 105172 is divided by 11913.
9868
What is the remainder when 104840836 is divided by 847?
23
Calculate the remainder when 9537301 is divided by 98.
39
Calculate the remainder when 184299 is divided by 1649.
1260
Calculate the remainder when 157733 is divided by 52382.
587
Calculate the remainder when 33158913 is divided by 1932.
1929
What is the remainder when 122028 is divided by 24311?
473
Calculate the remainder when 202076 is divided by 39799.
3081
Calculate the remainder when 114239 is divided by 13800.
3839
What is the remainder when 1239531 is divided by 619734?
63
Calculate the remainder when 10778165 is divided by 8.
5
What is the remainder when 1875291 is divided by 16?
11
Calculate the remainder when 207831 is divided by 69014.
789
What is the remainder when 94734225 is divided by 226?
223
Calculate the remainder when 33856254 is divided by 53.
13
What is the remainder when 6521603 is divided by 223?
191
What is the remainder when 171506582 is divided by 72?
62
Calculate the remainder when 355804 is divided by 4169.
1439
Calculate the remainder when 35176 is divided by 11513.
637
What is the remainder when 1690586 is divided by 16?
10
Calculate the remainder when 1208647 is divided by 3173.
2907
Calculate the remainder when 642587 is divided by 32129.
7
What is the remainder when 50998600 is divided by 180846?
28
Calculate the remainder when 548237 is divided by 42172.
1
What is the remainder when 52623475 is divide